{"id":1046,"date":"2020-01-29T00:06:25","date_gmt":"2020-01-29T00:06:25","guid":{"rendered":"http:\/\/www.codar.cl\/borrar\/?page_id=1046"},"modified":"2025-10-16T13:24:36","modified_gmt":"2025-10-16T13:24:36","slug":"iii-comite-de-turismo","status":"publish","type":"page","link":"https:\/\/www.codar.cl\/index\/iii-comite-de-turismo\/","title":{"rendered":"\u00c1rea Turismo"},"content":{"rendered":"\t\t<div data-elementor-type=\"wp-page\" data-elementor-id=\"1046\" class=\"elementor elementor-1046\">\n\t\t\t\t<div class=\"elementor-element elementor-element-c606c69 e-flex e-con-boxed e-con e-parent\" data-id=\"c606c69\" data-element_type=\"container\" data-e-type=\"container\">\n\t\t\t\t\t<div class=\"e-con-inner\">\n\t\t<div class=\"elementor-element elementor-element-a7b0d07 e-con-full e-flex e-con e-child\" data-id=\"a7b0d07\" data-element_type=\"container\" data-e-type=\"container\">\n\t\t<div class=\"elementor-element elementor-element-71d0811 e-con-full e-flex e-con e-child\" data-id=\"71d0811\" data-element_type=\"container\" data-e-type=\"container\">\n\t\t\t\t<div class=\"elementor-element elementor-element-2872cdf elementor-widget elementor-widget-heading\" data-id=\"2872cdf\" data-element_type=\"widget\" data-e-type=\"widget\" data-widget_type=\"heading.default\">\n\t\t\t\t<div class=\"elementor-widget-container\">\n\t\t\t\t\t<h2 class=\"elementor-heading-title elementor-size-default\">\u00c1rea Turismo<\/h2>\t\t\t\t<\/div>\n\t\t\t\t<\/div>\n\t\t\t\t<\/div>\n\t\t\t\t<\/div>\n\t\t\t\t\t<\/div>\n\t\t\t\t<\/div>\n\t\t<div class=\"elementor-element elementor-element-7790f10 e-flex e-con-boxed e-con e-parent\" data-id=\"7790f10\" data-element_type=\"container\" data-e-type=\"container\">\n\t\t\t\t\t<div class=\"e-con-inner\">\n\t\t<div class=\"elementor-element elementor-element-f0567da e-con-full e-flex e-con e-child\" data-id=\"f0567da\" data-element_type=\"container\" data-e-type=\"container\">\n\t\t<div class=\"elementor-element elementor-element-b2b1622 e-con-full e-flex e-con e-child\" data-id=\"b2b1622\" data-element_type=\"container\" data-e-type=\"container\">\n\t\t\t\t<div class=\"elementor-element elementor-element-d373772 elementor-widget elementor-widget-image\" data-id=\"d373772\" data-element_type=\"widget\" data-e-type=\"widget\" data-widget_type=\"image.default\">\n\t\t\t\t<div class=\"elementor-widget-container\">\n\t\t\t\t\t\t\t\t\t\t\t\t\t\t\t<img decoding=\"async\" src=\"https:\/\/www.codar.cl\/index\/wp-content\/plugins\/elementor\/assets\/images\/placeholder.png\" alt=\"\" \/>\t\t\t\t\t\t\t\t\t\t\t\t\t\t\t<\/div>\n\t\t\t\t<\/div>\n\t\t\t\t<\/div>\n\t\t<div class=\"elementor-element elementor-element-a085357 e-con-full e-flex e-con e-child\" data-id=\"a085357\" data-element_type=\"container\" data-e-type=\"container\">\n\t\t\t\t<div class=\"elementor-element elementor-element-8aa8dab elementor-widget elementor-widget-text-editor\" data-id=\"8aa8dab\" data-element_type=\"widget\" data-e-type=\"widget\" data-widget_type=\"text-editor.default\">\n\t\t\t\t<div class=\"elementor-widget-container\">\n\t\t\t\t\t\t\t\t\t<p>El Comit\u00e9 Turismo se conform\u00f3 en abril del a\u00f1o 2019, de generar con <span style=\"font-size: 1rem;\">el objetivo de generar alianzas para la valorizaci\u00f3n de Re\u00f1aca como destino tur\u00edstico.<\/span><\/p>\t\t\t\t\t\t\t\t<\/div>\n\t\t\t\t<\/div>\n\t\t\t\t<\/div>\n\t\t\t\t<\/div>\n\t\t\t\t\t<\/div>\n\t\t\t\t<\/div>\n\t\t<div class=\"elementor-element elementor-element-7860809 e-flex e-con-boxed e-con e-parent\" data-id=\"7860809\" data-element_type=\"container\" data-e-type=\"container\">\n\t\t\t\t\t<div class=\"e-con-inner\">\n\t\t<div class=\"elementor-element elementor-element-051bd84 e-con-full e-flex e-con e-child\" data-id=\"051bd84\" data-element_type=\"container\" data-e-type=\"container\">\n\t\t\t\t<div class=\"elementor-element elementor-element-e9c47b6 elementor-widget elementor-widget-heading\" data-id=\"e9c47b6\" data-element_type=\"widget\" data-e-type=\"widget\" data-widget_type=\"heading.default\">\n\t\t\t\t<div class=\"elementor-widget-container\">\n\t\t\t\t\t<h2 class=\"elementor-heading-title elementor-size-default\">Hitos<\/h2>\t\t\t\t<\/div>\n\t\t\t\t<\/div>\n\t\t\t\t<\/div>\n\t\t\t\t\t<\/div>\n\t\t\t\t<\/div>\n\t\t<div class=\"elementor-element elementor-element-938b42f e-flex e-con-boxed e-con e-parent\" data-id=\"938b42f\" data-element_type=\"container\" data-e-type=\"container\">\n\t\t\t\t\t<div class=\"e-con-inner\">\n\t\t<div class=\"elementor-element elementor-element-0185067 e-con-full e-flex e-con e-child\" data-id=\"0185067\" data-element_type=\"container\" data-e-type=\"container\">\n\t\t<div class=\"elementor-element elementor-element-dbb01ce e-con-full e-flex e-con e-child\" data-id=\"dbb01ce\" data-element_type=\"container\" data-e-type=\"container\">\n\t\t\t\t<div class=\"elementor-element elementor-element-d27d0c1 elementor-widget elementor-widget-text-editor\" data-id=\"d27d0c1\" data-element_type=\"widget\" data-e-type=\"widget\" data-widget_type=\"text-editor.default\">\n\t\t\t\t<div class=\"elementor-widget-container\">\n\t\t\t\t\t\t\t\t\t<ul>\n<li>2019 Lanzamiento de la Gu\u00eda Re\u00f1aca Ruta Patrimonial.<\/li><li>2022 Tour Virtual<\/li>\n<\/ul>\t\t\t\t\t\t\t\t<\/div>\n\t\t\t\t<\/div>\n\t\t\t\t<\/div>\n\t\t<div class=\"elementor-element elementor-element-2b1c804 e-con-full e-flex e-con e-child\" data-id=\"2b1c804\" data-element_type=\"container\" data-e-type=\"container\">\n\t\t\t\t<div class=\"elementor-element elementor-element-8b20f4e elementor-widget elementor-widget-text-editor\" data-id=\"8b20f4e\" data-element_type=\"widget\" data-e-type=\"widget\" data-widget_type=\"text-editor.default\">\n\t\t\t\t<div class=\"elementor-widget-container\">\n\t\t\t\t\t\t\t\t\t<ul><li>2023 Apoyo a la creaci\u00f3n de la Agrupaci\u00f3n Barrio Re\u00f1aca<\/li><li>2024 Se desarrolla y se implementa el Programa Tarjeta de Beneficios CODAR Re\u00f1aca.<\/li><\/ul>\t\t\t\t\t\t\t\t<\/div>\n\t\t\t\t<\/div>\n\t\t\t\t<\/div>\n\t\t\t\t<\/div>\n\t\t\t\t\t<\/div>\n\t\t\t\t<\/div>\n\t\t\t\t<\/div>\n\t\t","protected":false},"excerpt":{"rendered":"<p>\u00c1rea Turismo El Comit\u00e9 Turismo se conform\u00f3 en abril del a\u00f1o 2019, de generar con el objetivo de generar alianzas para la valorizaci\u00f3n de Re\u00f1aca como destino tur\u00edstico. Hitos 2019 Lanzamiento de la Gu\u00eda Re\u00f1aca Ruta Patrimonial. 2022 Tour Virtual 2023 Apoyo a la creaci\u00f3n de la Agrupaci\u00f3n Barrio Re\u00f1aca 2024 Se desarrolla y se [&hellip;]<\/p>\n","protected":false},"author":1,"featured_media":1433,"parent":0,"menu_order":0,"comment_status":"closed","ping_status":"closed","template":"redux-templates_full_width","meta":{"footnotes":""},"class_list":["post-1046","page","type-page","status-publish","has-post-thumbnail","hentry"],"rttpg_featured_image_url":{"full":["https:\/\/www.codar.cl\/index\/wp-content\/uploads\/2020\/05\/1-1.jpg",800,400,false],"landscape":["https:\/\/www.codar.cl\/index\/wp-content\/uploads\/2020\/05\/1-1.jpg",800,400,false],"portraits":["https:\/\/www.codar.cl\/index\/wp-content\/uploads\/2020\/05\/1-1.jpg",800,400,false],"thumbnail":["https:\/\/www.codar.cl\/index\/wp-content\/uploads\/2020\/05\/1-1-150x150.jpg",150,150,true],"medium":["https:\/\/www.codar.cl\/index\/wp-content\/uploads\/2020\/05\/1-1-300x150.jpg",300,150,true],"large":["https:\/\/www.codar.cl\/index\/wp-content\/uploads\/2020\/05\/1-1.jpg",474,237,false],"1536x1536":["https:\/\/www.codar.cl\/index\/wp-content\/uploads\/2020\/05\/1-1.jpg",800,400,false],"2048x2048":["https:\/\/www.codar.cl\/index\/wp-content\/uploads\/2020\/05\/1-1.jpg",800,400,false],"minimag_345_308":["https:\/\/www.codar.cl\/index\/wp-content\/uploads\/2020\/05\/1-1-345x308.jpg",345,308,true],"minimag_100_80":["https:\/\/www.codar.cl\/index\/wp-content\/uploads\/2020\/05\/1-1-100x80.jpg",100,80,true],"minimag_345_230":["https:\/\/www.codar.cl\/index\/wp-content\/uploads\/2020\/05\/1-1-345x230.jpg",345,230,true],"minimag_1170_500":["https:\/\/www.codar.cl\/index\/wp-content\/uploads\/2020\/05\/1-1.jpg",800,400,false],"minimag_1170_669":["https:\/\/www.codar.cl\/index\/wp-content\/uploads\/2020\/05\/1-1.jpg",800,400,false],"minimag_770_440":["https:\/\/www.codar.cl\/index\/wp-content\/uploads\/2020\/05\/1-1-770x400.jpg",770,400,true],"minimag_170_170":["https:\/\/www.codar.cl\/index\/wp-content\/uploads\/2020\/05\/1-1-170x170.jpg",170,170,true],"minimag_1170_605":["https:\/\/www.codar.cl\/index\/wp-content\/uploads\/2020\/05\/1-1.jpg",800,400,false],"minimag_770_513":["https:\/\/www.codar.cl\/index\/wp-content\/uploads\/2020\/05\/1-1-770x400.jpg",770,400,true],"minimag_910_550":["https:\/\/www.codar.cl\/index\/wp-content\/uploads\/2020\/05\/1-1.jpg",800,400,false],"minimag_370_247":["https:\/\/www.codar.cl\/index\/wp-content\/uploads\/2020\/05\/1-1-370x247.jpg",370,247,true],"minimag_270_220":["https:\/\/www.codar.cl\/index\/wp-content\/uploads\/2020\/05\/1-1-270x220.jpg",270,220,true],"minimag_440_293":["https:\/\/www.codar.cl\/index\/wp-content\/uploads\/2020\/05\/1-1-440x293.jpg",440,293,true],"minimag_351_247":["https:\/\/www.codar.cl\/index\/wp-content\/uploads\/2020\/05\/1-1-351x247.jpg",351,247,true],"minimag_570_380":["https:\/\/www.codar.cl\/index\/wp-content\/uploads\/2020\/05\/1-1-570x380.jpg",570,380,true],"minimag_501_375":["https:\/\/www.codar.cl\/index\/wp-content\/uploads\/2020\/05\/1-1-501x375.jpg",501,375,true],"minimag_770_500":["https:\/\/www.codar.cl\/index\/wp-content\/uploads\/2020\/05\/1-1-770x400.jpg",770,400,true],"minimag_395_499":["https:\/\/www.codar.cl\/index\/wp-content\/uploads\/2020\/05\/1-1-395x400.jpg",395,400,true],"minimag_1164_500":["https:\/\/www.codar.cl\/index\/wp-content\/uploads\/2020\/05\/1-1.jpg",800,400,false],"minimag_700_600":["https:\/\/www.codar.cl\/index\/wp-content\/uploads\/2020\/05\/1-1-700x400.jpg",700,400,true],"minimag_477_500":["https:\/\/www.codar.cl\/index\/wp-content\/uploads\/2020\/05\/1-1-477x400.jpg",477,400,true],"minimag_370_493":["https:\/\/www.codar.cl\/index\/wp-content\/uploads\/2020\/05\/1-1-370x400.jpg",370,400,true],"minimag_370_370":["https:\/\/www.codar.cl\/index\/wp-content\/uploads\/2020\/05\/1-1-370x370.jpg",370,370,true],"minimag_370_555":["https:\/\/www.codar.cl\/index\/wp-content\/uploads\/2020\/05\/1-1-370x400.jpg",370,400,true],"minimag_370_399":["https:\/\/www.codar.cl\/index\/wp-content\/uploads\/2020\/05\/1-1-370x399.jpg",370,399,true],"minimag_370_494":["https:\/\/www.codar.cl\/index\/wp-content\/uploads\/2020\/05\/1-1-370x400.jpg",370,400,true],"minimag_370_241":["https:\/\/www.codar.cl\/index\/wp-content\/uploads\/2020\/05\/1-1-370x241.jpg",370,241,true],"minimag_440_660":["https:\/\/www.codar.cl\/index\/wp-content\/uploads\/2020\/05\/1-1-440x400.jpg",440,400,true],"minimag_440_440":["https:\/\/www.codar.cl\/index\/wp-content\/uploads\/2020\/05\/1-1-440x400.jpg",440,400,true],"minimag_440_589":["https:\/\/www.codar.cl\/index\/wp-content\/uploads\/2020\/05\/1-1-440x400.jpg",440,400,true],"minimag_440_580":["https:\/\/www.codar.cl\/index\/wp-content\/uploads\/2020\/05\/1-1-440x400.jpg",440,400,true],"minimag_440_294":["https:\/\/www.codar.cl\/index\/wp-content\/uploads\/2020\/05\/1-1-440x294.jpg",440,294,true],"minimag_370_479":["https:\/\/www.codar.cl\/index\/wp-content\/uploads\/2020\/05\/1-1-370x400.jpg",370,400,true],"minimag_396_248":["https:\/\/www.codar.cl\/index\/wp-content\/uploads\/2020\/05\/1-1-396x248.jpg",396,248,true],"post-thumbnail":["https:\/\/www.codar.cl\/index\/wp-content\/uploads\/2020\/05\/1-1-770x400.jpg",770,400,true],"minimag_1920_400":["https:\/\/www.codar.cl\/index\/wp-content\/uploads\/2020\/05\/1-1.jpg",800,400,false],"minimag_1170_250":["https:\/\/www.codar.cl\/index\/wp-content\/uploads\/2020\/05\/1-1-800x250.jpg",800,250,true],"minimag_170_113":["https:\/\/www.codar.cl\/index\/wp-content\/uploads\/2020\/05\/1-1-170x113.jpg",170,113,true]},"rttpg_author":{"display_name":"Codar","author_link":"https:\/\/www.codar.cl\/index\/author\/borrar\/"},"rttpg_comment":0,"rttpg_category":null,"rttpg_excerpt":"\u00c1rea Turismo El Comit\u00e9 Turismo se conform\u00f3 en abril del a\u00f1o 2019, de generar con el objetivo de generar alianzas para la valorizaci\u00f3n de Re\u00f1aca como destino tur\u00edstico. Hitos 2019 Lanzamiento de la Gu\u00eda Re\u00f1aca Ruta Patrimonial. 2022 Tour Virtual 2023 Apoyo a la creaci\u00f3n de la Agrupaci\u00f3n Barrio Re\u00f1aca 2024 Se desarrolla y se&hellip;","_links":{"self":[{"href":"https:\/\/www.codar.cl\/index\/wp-json\/wp\/v2\/pages\/1046","targetHints":{"allow":["GET"]}}],"collection":[{"href":"https:\/\/www.codar.cl\/index\/wp-json\/wp\/v2\/pages"}],"about":[{"href":"https:\/\/www.codar.cl\/index\/wp-json\/wp\/v2\/types\/page"}],"author":[{"embeddable":true,"href":"https:\/\/www.codar.cl\/index\/wp-json\/wp\/v2\/users\/1"}],"replies":[{"embeddable":true,"href":"https:\/\/www.codar.cl\/index\/wp-json\/wp\/v2\/comments?post=1046"}],"version-history":[{"count":54,"href":"https:\/\/www.codar.cl\/index\/wp-json\/wp\/v2\/pages\/1046\/revisions"}],"predecessor-version":[{"id":13546,"href":"https:\/\/www.codar.cl\/index\/wp-json\/wp\/v2\/pages\/1046\/revisions\/13546"}],"wp:featuredmedia":[{"embeddable":true,"href":"https:\/\/www.codar.cl\/index\/wp-json\/wp\/v2\/media\/1433"}],"wp:attachment":[{"href":"https:\/\/www.codar.cl\/index\/wp-json\/wp\/v2\/media?parent=1046"}],"curies":[{"name":"wp","href":"https:\/\/api.w.org\/{rel}","templated":true}]}}

Área Turismo

<div data-elementor-type="wp-page" data-elementor-id="1046" class="elementor elementor-1046">
				<div class="elementor-element elementor-element-c606c69 e-flex e-con-boxed e-con e-parent" data-id="c606c69" data-element_type="container" data-e-type="container">
					<div class="e-con-inner">
		<div class="elementor-element elementor-element-a7b0d07 e-con-full e-flex e-con e-child" data-id="a7b0d07" data-element_type="container" data-e-type="container">
		<div class="elementor-element elementor-element-71d0811 e-con-full e-flex e-con e-child" data-id="71d0811" data-element_type="container" data-e-type="container">
				<div class="elementor-element elementor-element-2872cdf elementor-widget elementor-widget-heading" data-id="2872cdf" data-element_type="widget" data-e-type="widget" data-widget_type="heading.default">
				<div class="elementor-widget-container">
					<h2 class="elementor-heading-title elementor-size-default">Área Turismo</h2>				</div>
				</div>
				</div>
				</div>
					</div>
				</div>
		<div class="elementor-element elementor-element-7790f10 e-flex e-con-boxed e-con e-parent" data-id="7790f10" data-element_type="container" data-e-type="container">
					<div class="e-con-inner">
		<div class="elementor-element elementor-element-f0567da e-con-full e-flex e-con e-child" data-id="f0567da" data-element_type="container" data-e-type="container">
		<div class="elementor-element elementor-element-b2b1622 e-con-full e-flex e-con e-child" data-id="b2b1622" data-element_type="container" data-e-type="container">
				<div class="elementor-element elementor-element-d373772 elementor-widget elementor-widget-image" data-id="d373772" data-element_type="widget" data-e-type="widget" data-widget_type="image.default">
				<div class="elementor-widget-container">
															<img decoding="async" src="https://www.codar.cl/index/wp-content/plugins/elementor/assets/images/placeholder.png" alt="" />															</div>
				</div>
				</div>
		<div class="elementor-element elementor-element-a085357 e-con-full e-flex e-con e-child" data-id="a085357" data-element_type="container" data-e-type="container">
				<div class="elementor-element elementor-element-8aa8dab elementor-widget elementor-widget-text-editor" data-id="8aa8dab" data-element_type="widget" data-e-type="widget" data-widget_type="text-editor.default">
				<div class="elementor-widget-container">
									<p>El Comité Turismo se conformó en abril del año 2019, de generar con <span style="font-size: 1rem;">el objetivo de generar alianzas para la valorización de Reñaca como destino turístico.</span></p>								</div>
				</div>
				</div>
				</div>
					</div>
				</div>
		<div class="elementor-element elementor-element-7860809 e-flex e-con-boxed e-con e-parent" data-id="7860809" data-element_type="container" data-e-type="container">
					<div class="e-con-inner">
		<div class="elementor-element elementor-element-051bd84 e-con-full e-flex e-con e-child" data-id="051bd84" data-element_type="container" data-e-type="container">
				<div class="elementor-element elementor-element-e9c47b6 elementor-widget elementor-widget-heading" data-id="e9c47b6" data-element_type="widget" data-e-type="widget" data-widget_type="heading.default">
				<div class="elementor-widget-container">
					<h2 class="elementor-heading-title elementor-size-default">Hitos</h2>				</div>
				</div>
				</div>
					</div>
				</div>
		<div class="elementor-element elementor-element-938b42f e-flex e-con-boxed e-con e-parent" data-id="938b42f" data-element_type="container" data-e-type="container">
					<div class="e-con-inner">
		<div class="elementor-element elementor-element-0185067 e-con-full e-flex e-con e-child" data-id="0185067" data-element_type="container" data-e-type="container">
		<div class="elementor-element elementor-element-dbb01ce e-con-full e-flex e-con e-child" data-id="dbb01ce" data-element_type="container" data-e-type="container">
				<div class="elementor-element elementor-element-d27d0c1 elementor-widget elementor-widget-text-editor" data-id="d27d0c1" data-element_type="widget" data-e-type="widget" data-widget_type="text-editor.default">
				<div class="elementor-widget-container">
									<ul>
<li>2019 Lanzamiento de la Guía Reñaca Ruta Patrimonial.</li><li>2022 Tour Virtual</li>
</ul>								</div>
				</div>
				</div>
		<div class="elementor-element elementor-element-2b1c804 e-con-full e-flex e-con e-child" data-id="2b1c804" data-element_type="container" data-e-type="container">
				<div class="elementor-element elementor-element-8b20f4e elementor-widget elementor-widget-text-editor" data-id="8b20f4e" data-element_type="widget" data-e-type="widget" data-widget_type="text-editor.default">
				<div class="elementor-widget-container">
									<ul><li>2023 Apoyo a la creación de la Agrupación Barrio Reñaca</li><li>2024 Se desarrolla y se implementa el Programa Tarjeta de Beneficios CODAR Reñaca.</li></ul>								</div>
				</div>
				</div>
				</div>
					</div>
				</div>
				</div>

<p>Área Turismo El Comité Turismo se conformó en abril del año 2019, de generar con el objetivo de generar alianzas para la valorización de Reñaca como destino turístico. Hitos 2019 Lanzamiento de la Guía Reñaca Ruta Patrimonial. 2022 Tour Virtual 2023 Apoyo a la creación de la Agrupación Barrio Reñaca 2024 Se desarrolla y se [&hellip;]</p>

Área Turismo El Comité Turismo se conformó en abril del año 2019, de generar con el objetivo de generar alianzas para la valorización de Reñaca como destino turístico. Hitos 2019 Lanzamiento de la Guía Reñaca Ruta Patrimonial. 2022 Tour Virtual 2023 Apoyo a la creación de la Agrupación Barrio Reñaca 2024 Se desarrolla y se&hellip;
